 - 3)
-8
Calculate -5 + (-10 - -8) + 0 + 6.
-1
Evaluate (-1 - -1) + -1 - -1.
0
Calculate -49 - -53 - (1 + 3).
0
Evaluate -3 - ((1 - (4 - 1)) + -3).
2
-4 - 0 - (-9 - -1) - -1
5
What is the value of 1 + 4 + -3 + (0 - 5)?
-3
Evaluate -3 + (4 - 6 - -6) - -4.
5
What is 15 + (-7 - 10) + 1 + 6?
5
What is -2 - -10 - (6 + 1 - 6)?
7
Calculate (3 - 4) + 0 + 6.
5
17 + -12 + (-2 - (-13 - -5))
11
What is the value of -2 + 6 + 1 - (-52 - -51)?
6
Calculate 13 + (-5 - (0 + 4) - -4).
8
(-1 - -1) + 11 + (16 - 20)
7
Calculate (1 - 6) + (7 - -5) + -10.
-3
-4 + -3 + 4 - (-5 - -2)
0
Evaluate (0 + 1 - (-3 - -5)) + 2.
1
Evaluate -1 + (5 + 2 + -6 - -3).
3
What is the value of 9 - (12 + -6) - 1?
2
Calculate (-2 - 0) + (-4 - -5).
-1
What is (-7 + 13 - 4) + 7 + -11?
-2
Calculate 0 - (-3 + 0 - (-2 + -3)).
-2
-3 - (-4 + 5) - -12
8
What is the value of 0 + (-5 - (-10 - -5) - -3)?
3
What is (1 - 2) + (-3 + 2 - -5)?
3
What is (3 - 2 - 0) + 3?
4
Calculate (-7 - -13) + 4 + 1 + -15.
-4
Evaluate -2 + 6 - (-40 - -41).
3
-3 + 5 + 4 + -3 - -4
7
Calculate (1 - -3) + 50 + -55.
-1
What is the value of -4 - (0 + (7 - 7))?
-4
What is 1 - 0 - (-30 - -26)?
5
Evaluate (-8 - (-1 + -19)) + -13.
-1
Calculate 17 - (-1 + 5 + 5).
8
Evaluate -5 + -1 - (-4 + -5).
3
(-6 - -7 - 3) + (2 - -1)
1
Calculate (37 - 33) + -1 + -7.
-4
Evaluate -2 - (-8 + 5) - 2.
-1
What is the value of (5 - -1) + -2 - 1?
3
What is 4 + -1 + (31 - 29)?
5
Calculate -5 - (-3 + 2 + 0).
-4
Evaluate 1 + ((-6 - -3) + 4 - -1).
3
What is the value of 2 + 1 + 0 - (6 - -1)?
-4
What is (7 - (4 - -3)) + -1 + -1?
-2
Evaluate (2 - 11) + (5 - -2).
-2
Evaluate 0 - -2 - (4 + 0 + -7).
5
What is the value of 1 - ((3 - 4) + 1)?
1
Evaluate -12 + -11 + 26 + 7.
10
-9 + -1 + 14 + -8
-4
Calculate -4 + (-1 - (6 - 7)) - 3.
-7
Evaluate -4 + (10 - ((3 - -6) + -5)).
2
What is -2 + (4 - 4) - -5?
3
Calculate 3 + 5 + -6 + -3.
-1
Evaluate 11 + -15 + (-1 - 0).
-5
What is the value of 7 - (4 - (-3 - 3 - -11))?
8
What is the value of 7 - (2 + 3 - 2) - 5?
-1
Calculate -4 + (2 - 1) + 34 + -33.
-2
Evaluate -2 + -1 + (6 - -1) - 2.
2
What is 2 + 13 + -4 + -5?
6
What is the value of -4 + (1 - 1) - -8?
4
Evaluate 1 + 3 + 1 + -7 - 3.
-5
-2 + 0 + 1 + 120 + -126
-7
Evaluate 1 + -6 + 7 - 5.
-3
Evaluate 2 + -22 - (-14 + (23 - 18)).
-11
Evaluate 5 - (1 - -6 - 8).
6
What is 6 + (-4 - (-1 - 0))?
3
Evaluate -1 + 5 + -1 + (-3 - -1).
1
What is 1 - ((6 - 1) + -2 + -4)?
2
Calculate -29 + 32 - (3 - 0).
0
What is 6 - (-12 - -11) - (2 + 9)?
-4
What is the value of 8 + -3 + (5 - (-2 + 11))?
1
Evaluate 4 + 1 + 0 + 0.
5
-4 + (-7 - -3) + 11
3
Calculate (27 - 30) + -2 + 7.
2
What is the value of 7 + 1 + 0 + -4?
4
Calculate 1 - 0 - (-9 + 8).
2
Evaluate -9 - -3 - (-1 - 0 - 1).
-4
What is 5 + -1 - (0 + 5)?
-1
-7 + 5 - (-3 + 0)
1
Calculate -5 + 5 + -4 + 1.
-3
-3 + 0 + -1 + 4
0
-10 + 19 + (8 - 10)
7
Calculate (5 + -7 - -6) + 1 + 6.
11
116 - 113 - (1 - -6)
-4
Evaluate -1 - 4 - (144 - 150).
1
Calculate -4 - ((-4 + 2 - -3) + 0).
-5
What is the value of -12 - (-6 - -1) - -14?
7
Calculate (-6 - -2) + (-1 - 1 - -1).
-5
5 + -18 + 9 + 0
-4
(-1 - 0 - (14 + -13)) + 3
1
(-5 + 19 - 7) + 3 + -7
3
Calculate 1 + 3 - (-3 + (11 - 6)).
2
What is the value of 3 + 0 - (-9 + 14)?
-2
What is (3 - 6 - 5) + (2 - 4)?
-10
Calculate 7 - (-1 - -1) - (-1 + 5).
3
6 - ((-2 - 5) + 3 - -4)
6
Calculate -3 + 0 + (53 - 45).
5
(-2 - -2) + -1 - (-1 - -3)
-3
Evaluate 38 + -35 + -2 + 1.
2
What is -2 + -1 - (10 + 14 + -24)?
-3
Evaluate -7 + (0 - -10) - (1 - -4).
-2
What is -5 + -3 - (1 + (-6 - -2))?
-5
Calculate -3 + (8 - (7 + -4)).
2
Calculate 0 + -4 + 2 + 2 - -3.
3
Evaluate (-1 - -8) + (-5 - -6) + -3.
5
Evaluate 29 + -25 - (0 - (0 - 2)).
2
1 + -2 + -3 - (-3 - -2)
-3
What is the value of (3 - -5) + (-1 - 1)?
6
Calculate (-2 - (1 - 2)) + -4 + 0.
-5
21 + (-26 - -8) + 8
11
What is the value of -1 + 1 + -1 + 2 + -2?
-1
Evaluate -1 + (-1 - -3) + -1.
0
Calculate 16 + -22 + (-1 - (-2 - 0)).
-5
Evaluate 22 - 18 - ((0 - 1) + 6).
-1
-4 + (3 + -6 - -3)
-4
What is the value of 0 - (6 + -7 + (13 - 6))?
-6
Evaluate 0 + (0 + 3 - (1 - 0)).
2
1 - 0 - (-8 + -1 + 5)
5
What is the value of (-2 + 1 - -1) + (-21 - -13)?
-8
What is the value of 0 - (-1 + -1 + -2)?
4
Calculate 0 + (7 - 3) + 1.
5
What is the value of -15 + 7 + -3 + 6?
-5
6 + -2 + 1 + -1
4
Evaluate -10 + (2 - 3) - (1 + -5).
-7
What is 20 + -26 - (-5 + (-2 - 0))?
1
Calculate (3 - 2 - -4) + -4.
1
9 - (-11 - -25) - 0
-5
Evaluate -4 - (1 + 2 - 2).
-5
What is the value of -1 + (1 + -4 - (2 + -6))?
0
What is (-1 - -2 - (-8 + 14)) + 5?
0
-1 - (0 - (5 - 3) - -3)
-2
Evaluate 4 + 0 + -25 + 29.
8
What is 36 + -42 - (-2 + -1 - 0)?
-3
Calculate 0 + (-1 - 2) + 4.
1
What is the value of -3 + (-3 - -9) + -3?
0
Calculate 1 + -8 + 104 + -102.
-5
-31 - -26 - (0 - 11)
6
Calculate (-50 - -48) + 5 + 1.
4
What is -14 - (-11 + -7 + 12)?
-8
6 - (-1 + 5) - -2
4
What is (2 - 3 - 1) + -18 + 14?
-6
Calculate -3 + -4 + 6 + -15 - -6.
-10
What is the value of -2 - (-10 - 1 - -4)?
5
-3 - (0 - -2) - -1
-4
What is -4 + 0 + 6 - (7 - 2)?
-3
9 + (-7 - -11) + -8
5
Evaluate 12 - (4 + 8) - (-1 - 1).
2
3 - 4 - (-9 + (26 - 11))
-7
What is the value of (3 - 2 - (-1 + -1)) + 2?
5
Evaluate 1 - (4 - (0 + -6) - 6).
-3
What is -6 - (-2 + 0) - (-22 + 21)?
-3
Evaluate 5 - (-5 - (-9 - -4)).
5
What is the value of (14 - 10) + -1 + 2 + -6?
-1
What is the value of 12 - ((-23 - -23) + (-3 - -11))?
4
Calculate 6 + -12 + 9 + (2 - 5).
0
Evaluate 4 + (1 - 0) + -4.
1
Evaluate -2 - ((2 - 4) + -2 - 1).
3
Evaluate 3 + (5 - 13) - 0.
-5
10 + (-9 - -11) + -10
2
What is 3 - (-10 + 24 + -7)?
-4
(5 - 3) + (0 - 1)
1
What is -2 - -6 - 3 - (2 + -1)?
0
Calculate -6 + (6 - (8 - 3)).
-5
Calculate (-8 - 1) + (-7 - -2) + 9.
-5
What is the value of 1 + (-6 - -9) - (-5 - 0)?
9
Calculate 1 + 8 + -6 + -2.
1
3 + (1 - 6) + 1 + 3
2
(1 - 0) + -10 + 8
-1
What is the value of (16 - 17 - -7) + (-1 - 3)?
2
What is -87 + 89 + (-1 - -3)?
4
Evaluate (-2 - -6) + -11 + (6 - 0).
-1
What is the value of 7 - (-3 - -9 - 2)?
3
What is 0 + 3 + -11 + 7?
-1
Evaluate (-10 + 7 - -7) + 3 + -15.
-8
What is -3 - (-10 + (2 - -2))?
3
Evaluate 14 - 5 - 11 - (1 + -3).
0
What is the value of (6 - (-11 - -4 - -20)) + 6?
-1
What is -3 - -1 - (-3 + 0 + 2)?
-1
-7 - (6 + (-5 - 14)) - -2
8
What is 3 - (13 - 9) - (-5 - -1)?
3
Calculate (-8 - -4) + 4 - -3.
3
7 + -1 - 2 - 5
-1
What is 18 - 16 - (12 + -7)?
-3
What is -11 - -2 - (-1 + 6 + -9)?
-5
Calculate 1 + -2 + (4 - 0) + 0.
3
Evaluate 6 - ((3 - 3) + 2).
4
What is the value of (8 - (3 + -2)) + (1 - 1)?
7
Evaluate 0 + (-7 - -14) + -7.
0
Evaluate 4 + (-1 + 4 - 8) - 0.
-1
Evaluate (4 - 4) + (6 - (0 + 1)).
5
What is the value of 9 + 1 - (9 - (7 + -3))?
5
What is 2 + -2 + (-9 - -4)?
-5
Calculate -1 + 2 + (16 + -7 - 13).
-3
Calculate (-8 - -2) + -8 + -2 + 7.
-9
Calculate 3 + -6 - -9 - (8 + 1).
-3
(-29 - -23) + 1 + 0
-5
Calculate 1 - 1 - (3 - (4 - 2)).
-1
-4 + -4 - (-3 + -2)
-3
Calculate (2 - 10) + (5 - -7).
4
Evaluate 3 + 4 + -1 + -4.
2
Calculate (3 - (8 - 3)) + (-10 - -6).
-6
Evaluate -4 + 3 - (-12 + 7).
4
What is 5 + 0 - (6 + -2)?
1
What is the value of (-3 - (-8 + 1)) + -8?
-4
What is the value of (-4 - (6 + -26)) + -11?
5
Evaluate (3 - 3 - 0 - -4) + -8.
-4
Evaluate 52 - 50 - (0 + 0).
2
What is the value of 0 + (-3 - -3) + (-4 - 0)?
-4
-14 - -2 - (-3 - 1)
-8
What is the value of -4 + (-8 + -3 - -10)?
-5
What is the value of -18 + 15 - (-1 - 1) - 3?
-4
0 + 14 + -8 + -5
1
What is 5 - (3 - (4 - -1) - -4)?
3
What is 3 - ((1 - 1) + (8 - 0))?
-5
What is 1 - -10 - (-21 - -32)?
0
Calculate (6 - (-4 - -5)) + (-8 - -1).
-2
What is 16 - 15 - ((0 - 1) + -2)?
4
Evaluate 3 - (-2 + 3) - 2.
0
14 - (7 - -5 - 4)
6
Calculate (0 - 9) + (-1 - -5).
-5
29 - 40 - (-7 - 1)
-3
What is 5 + (33 - 31 - (1 - 1))?
7
Calculate -2 - -3 - (10 + -10 + 1).
0
What is the value of 4 + (-11 - 1) + 9?
1
What is the value of 7 + (6 - (-3 + 16 - 3))?
3
What is (3 - 5) + 1 + (0 - 0)?
-1
2 - (-4 + (-2 - -8))
0
What is the value of (1 + 0 - -3) + -1?
3
What is the value of 5 + 3 + -1 + -3?
4
What is -2 - (1 - (7 - (1 - -3)))?
0
Evaluate 0 + 8 - (8 - 1).
1
Evaluate 10 + (6 - (4 - -6)).
6
Evaluate -6 + -2 + 6 + 0 + 7.
5
Calculate -90 - -93 - (-1 - -7).
-3
What is 5 - (2 + -10 + (2 - -1))?
10
8 + -5 - (1 - 3)
5
What is the value of 4 - (0 + 8) - -5?
1
What is the value of -11 + (8 - (-1 + -1 + 4))?
-5
Calcul